ommon divisor of 55 and c?
11
Suppose 3*f - 3*c - 81 = 0, -3*c + 0*c = -f + 27. What is the greatest common divisor of 216 and f?
27
Suppose 9*f - 7*f - 50 = 0. Calculate the highest common factor of 175 and f.
25
Let h = -14 + 5. Let j(q) be the third derivative of -q**5/60 - 5*q**4/12 + q**3 + q**2. Let b be j(h). Calculate the highest common factor of b and 105.
15
Suppose 6*a - 3*a - 17 = -2*x, 4*x - 23 = 5*a. What is the greatest common divisor of x and 28?
7
Let l(b) = -b**3 + 5*b**2 + 4*b - 10. Let t be l(4). Calculate the highest common divisor of 4 and t.
2
Let d = 37 - 13. Let t be 16/(-3)*18/(-12). Calculate the greatest common divisor of d and t.
8
Let a(j) = -j**2 + j + 9. Let m be a(0). Suppose x - m - 7 = 0. Suppose 2*g - 16 = g. What is the greatest common factor of x and g?
16
Suppose -2*d - 9 = -5*d. Let z be (2/d)/(3/108). What is the highest common factor of 12 and z?
12
Let o(j) = -4*j**3 - j**2 + j + 1. Let n be o(-1). Let h(s) = 2*s + 0*s - 3 + 5*s**2 - 4*s**2. Let k be h(n). What is the highest common divisor of k and 12?
12
Let i = 4 - 3. Let f(l) = -l - 2. Let v be f(-6). Suppose v*j = 4*d - 24, -5*d + 34 = j - 2*j. What is the greatest common factor of i and d?
1
Let z(u) be the second derivative of -u**3/6 + 15*u**2/2 - 3*u. Let v be z(-13). Calculate the highest common divisor of v and 28.
28
Suppose 42 = 5*o + s - 4*s, -5*o + 44 = -s. Suppose 4*i + 128 = 4*v, 15 + 35 = 2*v + 5*i. Suppose 8*f = 3*f + v. What is the greatest common divisor of f and o?
3
Let b(p) = -p**2 + 8*p + 6. Let d be b(8). Let g(i) = -i**2 + 8*i - 4. Let t be g(d). What is the greatest common factor of 4 and t?
4
Suppose 0 = 3*k - 580 + 217. Let a(u) = 2 - 2*u - 5 - 2. Let o be a(-8). What is the highest common factor of k and o?
11
Suppose -13 = 4*j - 73. Suppose -2*f = -114 + 364. Let a = 230 + f. What is the greatest common factor of j and a?
15
Let s(c) = -c**2 + 16*c + 5. Let j be s(16). What is the greatest common factor of 2 and j?
1
Let v(z) = -z**2 - 20*z + 4. Let u be v(-14). What is the greatest common factor of u and 66?
22
Let o(t) = -t**3 + t**2 - t + 16. Let m be o(0). Suppose q - 8 = r, 5*q + 7 = -2*r + 26. Let s = q + -3. Calculate the greatest common factor of m and s.
2
Let l be 2 - (-5791 - 4/2). Let n be (-2)/3 - l/15. Let g = 563 + n. Calculate the highest common factor of 16 and g.
16
Let g = 5 - 0. Let z = 7 - 4. Suppose 2*y - 82 = z*o, o = -4*y + y + 101. What is the highest common divisor of g and y?
5
Suppose 20 = 2*t - 4*w, -7 = -2*t + w + 1. Let a be 1/(-2) + 29/t. Let n = -7 + a. What is the greatest common factor of 7 and n?
7
Suppose 0*x = -2*x - 2*c + 8, 0 = -2*c + 4. Suppose 316 = 4*j + 2*v - v, -72 = -j - x*v. What is the highest common factor of 10 and j?
10
Let z(h) = 2*h**3 + 6*h**2 - 4*h - 2. Let w be z(-8). Let v = -418 - w. Suppose -2*r - 24 = -3*r. What is the highest common divisor of v and r?
24
Let p = 182 + -126. Let j be (6/8 - 0)*4. Suppose -p = -j*a + 133. Calculate the highest common divisor of 21 and a.
21
Let p = -818 - -1541. Let y(x) = x**2 - 3*x. Let o be y(3). Suppose p = 5*i + 4*m, o = i - 0*i + 5*m - 153. What is the highest common factor of 13 and i?
13
Let b = -6 + 3. Let r = b + 12. Calculate the greatest common factor of 99 and r.
9
Let n(v) = -v + 30. Let q be n(0). Suppose -58 = -2*a - y, -5*a + 3*y = -3*a - 74. Let h = -21 + a. What is the greatest common divisor of q and h?
10
Suppose 0 = 5*n - t - 142, -3*t = 4*n - 57 - 68. Suppose -w + 5 = -n. What is the greatest common divisor of w and 17?
17
Let t be 10/3 + (-4)/12. Suppose t*p + p - 195 = 3*i, -100 = -2*p + 4*i. What is the greatest common divisor of p and 32?
16
Let l be 4/8*-2 - 44/(-4). Calculate the greatest common divisor of 30 and l.
10
Suppose -4*m + 0*m - 3*g + 70 = 0, 5*m - 4*g = 72. Calculate the highest common divisor of 176 and m.
16
Suppose -2 = c - 30. Suppose 2*l = 4*j - c, -l = 3*j - 4*j + 7. Let h be -2 - 79*(2 - 3). What is the highest common factor of j and h?
7
Let n be (-15)/20 + 35/20. What is the highest common divisor of 23 and n?
1
Let b(x) = -x**2 - 3*x + 2. Let p be b(-3). Suppose 3*h + 4*w - 45 = p, -2*w = -2*h + 36. Suppose 5 - h = -3*g. What is the highest common factor of 24 and g?
4
Suppose -3*y - 2*y - 5*u = -90, 64 = 3*y - 2*u. Let g = y + -8. Calculate the greatest common factor of 12 and g.
12
Let b = -7 + 4. Let z be ((-1)/(-3))/(b/(-45)). Calculate the greatest common divisor of z and 20.
5
Let j = -74 + 137. Calculate the greatest common divisor of 9 and j.
9
Let v = 5 - -38. Suppose 5*d - v + 3 = 0. What is the greatest common divisor of d and 40?
8
Let g be 4/(-6) + 1165/15. Let v(l) = -l**3 + 6*l**2 + 5*l + 8. Let f be v(7). Let a = f - -17. What is the highest common factor of a and g?
11
Let b = 6 + -1. Suppose 5*g - 60 = -5*x + 60, 3*g + 5*x - 76 = 0. Suppose g = d - 3*s, s = -b*d - 3*s + 34. What is the greatest common factor of d and 90?
10
Suppose 2*j - 9 = 225. Suppose h - 11 - 2 = 0. Calculate the highest common divisor of j and h.
13
Let b(z) = z**3 + 7*z**2 + 7. Let i be b(-5). Suppose 0 = -5*y + 16 - 1. Let h = i - y. What is the greatest common divisor of h and 9?
9
Let p be 2331/45 - 4/5. What is the highest common factor of 17 and p?
17
Let w = -85 - -90. Calculate the greatest common divisor of 5 and w.
5
Suppose 4*m = -2*z + 3*z + 17, 5*z = -2*m + 25. Suppose -4*t = 5*i - 39, -z*i + 3*t = 2*i - 32. Calculate the greatest common divisor of i and 77.
7
Let b be 1/((-3)/4)*-3. What is the greatest common divisor of b and 16?
4
Suppose v = 5*t + 80, -2*v = -6*v + t + 301. Suppose -20 = -5*i, 0 = 4*g + i + i - 128. What is the greatest common divisor of v and g?
15
Suppose -5*v + v = 4*f - 20, -3*v - 2*f + 14 = 0. Suppose 0 = v*s - 46 - 262. What is the highest common divisor of 7 and s?
7
Let f = -14 - -24. Let z = 30 + -20. What is the greatest common divisor of f and z?
10
Let x(h) = 3*h + 3. Let d(z) = -7*z - 5. Let j(s) = 4*d(s) + 10*x(s). Let q be j(-7). Let k = q + 12. Calculate the highest common factor of k and 32.
8
Suppose 0 = 4*o + 5*f - 31, -3*f = -o + 6*o - 55. What is the greatest common factor of 14 and o?
14
Let g(n) = n**2 + 3. Let x be g(3). Suppose 2*q - 4*m = 176, 0 = 2*q + m - 0*m - 166. Calculate the greatest common divisor of q and x.
12
Let x be -4*(0 + (-59)/4). Suppose y = 18 + x. Calculate the highest common divisor of 7 and y.
7
Let o(d) = -2*d**3 - 2*d**2 - 2*d - 2. Let a be o(-2). What is the greatest common divisor of a and 110?
10
Let g(z) = 16*z + 10. Let a be g(5). What is the greatest common factor of 18 and a?
18
Let y = 83 - -137. Calculate the greatest common divisor of y and 22.
22
Let g be 1 + 0 + -1 - 4. Let f be ((-2)/(-1))/((-1)/g). What is the highest common factor of 1 and f?
1
Let f(t) = 12*t + 8. Let s be f(6). Calculate the greatest common factor of s and 10.
10
Let x(t) = -5*t**2 - 9*t - 2. Let n(l) = 9*l**2 + 18*l + 3. Let o(r) = -4*n(r) - 7*x(r). Let u be o(-6). What is the highest common divisor of 50 and u?
10
Let j(k) = 4*k**2 - 5*k + 2. Let s be j(5). Suppose -y - 9 = -v, 3*v - 5*y + 18 = 7*v. What is the highest common factor of v and s?
7
Let p(i) = 12*i + 3. Let q be 3/((84/(-8))/(-7)). Let t be p(q). Calculate the highest common divisor of 9 and t.
9
Let x(m) = 8*m - 16. Let j be x(5). What is the highest common factor of j and 96?
24
Suppose 0*q = -5*q + 20. Let k be 4/2 + q + -2. Let v(s) = s**2 - 4*s + 3. Let r be v(k). Calculate the highest common factor of r and 1.
1
Suppose -20 = -3*x + 40. Suppose 2*d - i - 119 = 0, 35 + 28 = d + 3*i. Calculate the greatest common factor of d and x.
20
Suppose 0 = -h - 2, -h - 1 = 5*x + 2*h. Let b = 5 - x. Suppose 0*d = b*d - 40. What is the highest common divisor of 4 and d?
2
Let p(s) = 4*s**2 - s + 2. Let f be p(3). Suppose 0 = 2*q - 7*q + 45. Let o be 88/6 - 6/q. What is the highest common divisor of o and f?
7
Let y(n) = 19*n. Let t be y(2). Suppose 0 = -3*v - t + 116. Calculate the highest common divisor of 39 and v.
13
Suppose 2*o - 27 = -3*v, 3*o = -2*v + 20 + 3. What is the greatest common divisor of 63 and v?
7
Let s be (-2)/(-6) + (-52)/(-6). Let h be (-196)/(-2) + 2 + -1. Calculate the greatest common factor of s and h.
9
Let o(x) be the third derivative 